{"id":295,"date":"2025-10-13T16:50:28","date_gmt":"2025-10-13T16:50:28","guid":{"rendered":"https:\/\/home.cenidet.tecnm.mx\/?page_id=295"},"modified":"2025-10-13T17:30:39","modified_gmt":"2025-10-13T17:30:39","slug":"valores","status":"publish","type":"page","link":"https:\/\/home.cenidet.tecnm.mx\/index.php\/valores\/","title":{"rendered":"Valores"},"content":{"rendered":"<div class=\"page-container\" style=\"display: flex; flex-direction: row; align-items: flex-start; justify-content: space-between; flex-wrap: nowrap; gap: 2rem;\">\n<div class=\"main-content\" style=\"flex: 1 1 65%; min-width: 300px;\">\n<h1 style=\"text-align: center; color: #1e3a8a; font-size: 2rem; margin-bottom: 1rem;\">Valores<\/h1>\n<section style=\"margin-bottom: 1.5rem;\">\n<h2 style=\"color: #1e40af; border-left: 4px solid #1e3a8a; padding-left: 8px;\">Respeto<\/h2>\n<p style=\"text-align: justify;\">Respetar el criterio ajeno, sea \u00e9ste igual o divergente del nuestro. Aplicar respeto total a la verdad, y no ser usuario del enga\u00f1o y la mentira, ofrecer respeto total al desempe\u00f1o del trabajo, y al derecho legal ajeno, cuidar que nuestros actos no sean causa de da\u00f1os a nada ni a nadie. Respetar el medio ambiente y los recursos naturales.<\/p>\n<\/section>\n<section style=\"margin-bottom: 1.5rem;\">\n<h2 style=\"color: #1e40af; border-left: 4px solid #1e3a8a; padding-left: 8px;\">Honestidad<\/h2>\n<p style=\"text-align: justify;\">Tener siempre una actitud correcta de respeto a las personas y a los hechos verdaderos. Rechazar el uso de la mentira y el enga\u00f1o.<\/p>\n<\/section>\n<section style=\"margin-bottom: 1.5rem;\">\n<h2 style=\"color: #1e40af; border-left: 4px solid #1e3a8a; padding-left: 8px;\">Compromiso<\/h2>\n<p style=\"text-align: justify;\">Principalmente con el objetivo de mejorar nuestra situaci\u00f3n competitiva en materia de formaci\u00f3n de recursos humanos en investigaci\u00f3n y mantener la calidad en el servicio a nuestros clientes y mantener un ambiente laboral excelente.<\/p>\n<\/section>\n<section style=\"margin-bottom: 1.5rem;\">\n<h2 style=\"color: #1e40af; border-left: 4px solid #1e3a8a; padding-left: 8px;\">Responsabilidad<\/h2>\n<p style=\"text-align: justify;\">Actuar con probidad, aplicando la normatividad, obligaci\u00f3n con el deber cumpliendo la misi\u00f3n y la moral, y contribuir activa y voluntariamente al mejoramiento social, econ\u00f3mico y ambiental.<\/p>\n<\/section>\n<section style=\"margin-bottom: 1.5rem;\">\n<h2 style=\"color: #1e40af; border-left: 4px solid #1e3a8a; padding-left: 8px;\">Actitud de Servicio<\/h2>\n<p style=\"text-align: justify;\">Ser Eficaz y agradable, encontrando el equilibrio perfecto entre nuestras competencias t\u00e9cnicas y estrategias de servicio al cliente, como instituci\u00f3n enfocarnos al cliente cumpliendo sus perspectivas y que ellos nos distingan por el liderazgo.<\/p>\n<\/section>\n<\/div>\n<\/div>\n<hr style=\"margin: 2rem 0;\" \/>\n","protected":false},"excerpt":{"rendered":"<p>Valores Respeto Respetar el criterio ajeno, sea \u00e9ste igual o divergente del nuestro. Aplicar respeto total a la verdad, y no ser usuario del enga\u00f1o y la mentira, ofrecer respeto total al desempe\u00f1o del trabajo, y al derecho legal ajeno, cuidar que nuestros actos no sean causa de da\u00f1os a nada ni a nadie. Respetar [&hellip;]<\/p>\n","protected":false},"author":1,"featured_media":0,"parent":0,"menu_order":0,"comment_status":"closed","ping_status":"closed","template":"","meta":{"_lmt_disableupdate":"","_lmt_disable":"","footnotes":""},"class_list":["post-295","page","type-page","status-publish","hentry"],"_links":{"self":[{"href":"https:\/\/home.cenidet.tecnm.mx\/index.php\/wp-json\/wp\/v2\/pages\/295","targetHints":{"allow":["GET"]}}],"collection":[{"href":"https:\/\/home.cenidet.tecnm.mx\/index.php\/wp-json\/wp\/v2\/pages"}],"about":[{"href":"https:\/\/home.cenidet.tecnm.mx\/index.php\/wp-json\/wp\/v2\/types\/page"}],"author":[{"embeddable":true,"href":"https:\/\/home.cenidet.tecnm.mx\/index.php\/wp-json\/wp\/v2\/users\/1"}],"replies":[{"embeddable":true,"href":"https:\/\/home.cenidet.tecnm.mx\/index.php\/wp-json\/wp\/v2\/comments?post=295"}],"version-history":[{"count":8,"href":"https:\/\/home.cenidet.tecnm.mx\/index.php\/wp-json\/wp\/v2\/pages\/295\/revisions"}],"predecessor-version":[{"id":416,"href":"https:\/\/home.cenidet.tecnm.mx\/index.php\/wp-json\/wp\/v2\/pages\/295\/revisions\/416"}],"wp:attachment":[{"href":"https:\/\/home.cenidet.tecnm.mx\/index.php\/wp-json\/wp\/v2\/media?parent=295"}],"curies":[{"name":"wp","href":"https:\/\/api.w.org\/{rel}","templated":true}]}}